CRAN Package Check Results for Package afex

Last updated on 2021-09-22 20:49:23 CEST.

Flavor Version Tinstall Tcheck Ttotal Status Flags
r-devel-linux-x86_64-debian-clang 1.0-1 17.48 359.20 376.68 OK
r-devel-linux-x86_64-debian-gcc 1.0-1 13.96 253.17 267.13 OK
r-devel-linux-x86_64-fedora-clang 1.0-1 444.40 OK
r-devel-linux-x86_64-fedora-gcc 1.0-1 425.87 OK
r-devel-windows-x86_64 1.0-1 20.00 321.00 341.00 OK
r-devel-windows-x86_64-gcc10-UCRT 1.0-1 ERROR
r-patched-linux-x86_64 1.0-1 23.72 354.53 378.25 OK
r-patched-solaris-x86 1.0-1 557.20 NOTE
r-release-linux-x86_64 1.0-1 16.33 350.51 366.84 OK
r-release-macos-arm64 1.0-1 OK
r-release-macos-x86_64 1.0-1 OK
r-release-windows-ix86+x86_64 1.0-1 38.00 451.00 489.00 OK
r-oldrel-macos-x86_64 1.0-1 OK
r-oldrel-windows-ix86+x86_64 1.0-1 28.00 342.00 370.00 OK

Check Details

Version: 1.0-1
Check: package dependencies
Result: NOTE
    Packages suggested but not available for checking:
     'latticeExtra', 'brms', 'rstanarm'
Flavor: r-devel-windows-x86_64-gcc10-UCRT

Version: 1.0-1
Check: PDF version of manual
Result: WARN
    LaTeX errors when creating PDF version.
    This typically indicates Rd problems.
Flavor: r-devel-windows-x86_64-gcc10-UCRT

Version: 1.0-1
Check: PDF version of manual without hyperrefs or index
Result: ERROR
    Re-running with no redirection of stdout/stderr.
Flavor: r-devel-windows-x86_64-gcc10-UCRT

Version: 1.0-1
Check: package dependencies
Result: NOTE
    Package suggested but not available for checking: ‘glmmTMB’
Flavor: r-patched-solaris-x86