Last updated on 2022-05-16 21:50:13 CEST.
Flavor | Version | Tinstall | Tcheck | Ttotal | Status | Flags |
---|---|---|---|---|---|---|
r-devel-linux-x86_64-debian-clang | 1.1.1 | 5.90 | 94.07 | 99.97 | OK | |
r-devel-linux-x86_64-debian-gcc | 1.1.1 | 5.06 | 71.70 | 76.76 | OK | |
r-devel-linux-x86_64-fedora-clang | 1.1.1 | 125.04 | OK | |||
r-devel-linux-x86_64-fedora-gcc | 1.1.1 | 122.06 | OK | |||
r-devel-windows-x86_64 | 1.1.1 | 18.00 | 120.00 | 138.00 | OK | |
r-patched-linux-x86_64 | 1.1.1 | 6.41 | 90.32 | 96.73 | OK | |
r-release-linux-x86_64 | 1.1.1 | 6.10 | 89.42 | 95.52 | OK | |
r-release-macos-arm64 | 1.1.1 | 34.00 | OK | |||
r-release-macos-x86_64 | 1.1.1 | 66.00 | NOTE | |||
r-release-windows-x86_64 | 1.1.1 | 19.00 | 119.00 | 138.00 | OK | |
r-oldrel-macos-arm64 | 1.1.1 | 47.00 | NOTE | |||
r-oldrel-macos-x86_64 | 1.1.1 | 56.00 | OK | |||
r-oldrel-windows-ix86+x86_64 | 1.1.1 | 15.00 | 111.00 | 126.00 | OK |
Version: 1.1.1
Check: package dependencies
Result: NOTE
Package suggested but not available for checking: ‘rjags’
Flavors: r-release-macos-x86_64, r-oldrel-macos-arm64