CRAN Package Check Results for Package adventr

Last updated on 2021-11-29 07:51:02 CET.

Flavor Version Tinstall Tcheck Ttotal Status Flags
r-devel-linux-x86_64-debian-clang 0.1.8 OK
r-devel-linux-x86_64-debian-gcc 0.1.8 3.38 29.51 32.89 OK
r-devel-linux-x86_64-fedora-clang 0.1.8 61.91 NOTE
r-devel-linux-x86_64-fedora-gcc 0.1.8 50.70 NOTE
r-devel-windows-x86_64-new-UL 0.1.8 28.00 89.00 117.00 NOTE
r-devel-windows-x86_64-new-TK 0.1.8 NOTE
r-devel-windows-x86_64-old 0.1.8 10.00 56.00 66.00 NOTE
r-patched-linux-x86_64 0.1.8 5.37 35.75 41.12 OK
r-patched-solaris-x86 0.1.8 78.00 NOTE
r-release-linux-x86_64 0.1.8 5.39 35.70 41.09 OK
r-release-macos-arm64 0.1.8 NOTE
r-release-macos-x86_64 0.1.8 NOTE
r-release-windows-ix86+x86_64 0.1.8 18.00 57.00 75.00 NOTE
r-oldrel-macos-x86_64 0.1.8 NOTE
r-oldrel-windows-ix86+x86_64 0.1.8 16.00 61.00 77.00 NOTE

Check Details

Version: 0.1.8
Check: installed package size
Result: NOTE
     installed size is 5.8Mb
     sub-directories of 1Mb or more:
     tutorials 5.6Mb
Flavors: r-devel-linux-x86_64-fedora-clang, r-devel-windows-x86_64-new-UL, r-devel-windows-x86_64-old, r-patched-solaris-x86, r-release-macos-arm64, r-release-macos-x86_64, r-release-windows-ix86+x86_64, r-oldrel-macos-x86_64, r-oldrel-windows-ix86+x86_64

Version: 0.1.8
Check: dependencies in R code
Result: NOTE
    Namespaces in Imports field not imported from:
     ‘BayesFactor’ ‘GGally’ ‘Hmisc’ ‘WRS2’ ‘boot’ ‘car’ ‘dplyr’ ‘effects’
     ‘effsize’ ‘forcats’ ‘ggplot2’ ‘lm.beta’ ‘nlme’ ‘readr’ ‘robust’
     ‘sandwich’ ‘sjstats’ ‘tidyr’
     All declared Imports should be used.
Flavors: r-devel-linux-x86_64-fedora-clang, r-devel-linux-x86_64-fedora-gcc, r-devel-windows-x86_64-new-TK, r-patched-solaris-x86, r-release-macos-arm64, r-release-macos-x86_64, r-oldrel-macos-x86_64