CRAN Package Check Results for Package advclust

Last updated on 2021-11-30 19:51:16 CET.

Flavor Version Tinstall Tcheck Ttotal Status Flags
r-devel-linux-x86_64-debian-clang 0.4 6.52 113.09 119.61 NOTE
r-devel-linux-x86_64-debian-gcc 0.4 5.30 81.31 86.61 NOTE
r-devel-linux-x86_64-fedora-clang 0.4 151.79 NOTE
r-devel-linux-x86_64-fedora-gcc 0.4 139.17 NOTE
r-devel-windows-x86_64-new-UL 0.4 23.00 162.00 185.00 NOTE
r-devel-windows-x86_64-new-TK 0.4 NOTE
r-devel-windows-x86_64-old 0.4 16.00 109.00 125.00 NOTE
r-patched-linux-x86_64 0.4 5.81 104.79 110.60 NOTE
r-patched-solaris-x86 0.4 126.80 NOTE
r-release-linux-x86_64 0.4 7.61 105.14 112.75 NOTE
r-release-macos-arm64 0.4 NOTE
r-release-macos-x86_64 0.4 NOTE
r-release-windows-ix86+x86_64 0.4 20.00 130.00 150.00 NOTE
r-oldrel-macos-x86_64 0.4 OK
r-oldrel-windows-ix86+x86_64 0.4 13.00 100.00 113.00 OK

Check Details

Version: 0.4
Check: LazyData
Result: NOTE
     'LazyData' is specified without a 'data' directory
Flavors: r-devel-linux-x86_64-debian-clang, r-devel-linux-x86_64-debian-gcc, r-devel-linux-x86_64-fedora-clang, r-devel-linux-x86_64-fedora-gcc, r-devel-windows-x86_64-new-UL, r-devel-windows-x86_64-new-TK, r-devel-windows-x86_64-old, r-patched-linux-x86_64, r-patched-solaris-x86, r-release-linux-x86_64, r-release-macos-arm64, r-release-macos-x86_64, r-release-windows-ix86+x86_64