CRAN Package Check Results for Package adsDataHubR

Last updated on 2021-11-26 19:52:42 CET.

Flavor Version Tinstall Tcheck Ttotal Status Flags
r-devel-linux-x86_64-debian-clang 0.1.1 3.25 27.82 31.07 NOTE
r-devel-linux-x86_64-debian-gcc 0.1.1 2.50 22.47 24.97 NOTE
r-devel-linux-x86_64-fedora-clang 0.1.1 48.49 NOTE
r-devel-linux-x86_64-fedora-gcc 0.1.1 38.52 NOTE
r-devel-windows-x86_64-new-UL 0.1.1 8.00 63.00 71.00 NOTE
r-devel-windows-x86_64-new-TK 0.1.1 NOTE
r-devel-windows-x86_64-old 0.1.1 5.00 54.00 59.00 NOTE
r-patched-linux-x86_64 0.1.1 3.29 27.46 30.75 NOTE
r-patched-solaris-x86 0.1.1 59.20 NOTE
r-release-linux-x86_64 0.1.1 NOTE
r-release-macos-arm64 0.1.1 NOTE
r-release-macos-x86_64 0.1.1 NOTE
r-release-windows-ix86+x86_64 0.1.1 6.00 32.00 38.00 NOTE
r-oldrel-macos-x86_64 0.1.1 OK
r-oldrel-windows-ix86+x86_64 0.1.1 6.00 45.00 51.00 OK

Check Details

Version: 0.1.1
Check: LazyData
Result: NOTE
     'LazyData' is specified without a 'data' directory
Flavors: r-devel-linux-x86_64-debian-clang, r-devel-linux-x86_64-debian-gcc, r-devel-linux-x86_64-fedora-clang, r-devel-linux-x86_64-fedora-gcc, r-devel-windows-x86_64-new-UL, r-devel-windows-x86_64-new-TK, r-devel-windows-x86_64-old, r-patched-linux-x86_64, r-patched-solaris-x86, r-release-linux-x86_64, r-release-macos-arm64, r-release-macos-x86_64, r-release-windows-ix86+x86_64