CRAN Package Check Results for Package adnuts

Last updated on 2022-01-25 07:49:58 CET.

Flavor Version Tinstall Tcheck Ttotal Status Flags
r-devel-linux-x86_64-debian-clang 1.1.2 11.55 114.60 126.15 NOTE
r-devel-linux-x86_64-debian-gcc 1.1.2 9.58 95.46 105.04 NOTE
r-devel-linux-x86_64-fedora-clang 1.1.2 148.03 NOTE
r-devel-linux-x86_64-fedora-gcc 1.1.2 149.50 NOTE
r-devel-windows-x86_64-new-UL 1.1.2 49.00 139.00 188.00 NOTE
r-devel-windows-x86_64-new-TK 1.1.2 NOTE
r-patched-linux-x86_64 1.1.2 10.52 106.96 117.48 NOTE
r-release-linux-x86_64 1.1.2 10.24 107.27 117.51 NOTE
r-release-macos-arm64 1.1.2 NOTE
r-release-macos-x86_64 1.1.2 NOTE
r-release-windows-ix86+x86_64 1.1.2 25.00 124.00 149.00 NOTE
r-oldrel-macos-x86_64 1.1.2 OK
r-oldrel-windows-ix86+x86_64 1.1.2 26.00 128.00 154.00 OK

Check Details

Version: 1.1.2
Check: LazyData
Result: NOTE
     'LazyData' is specified without a 'data' directory
Flavors: r-devel-linux-x86_64-debian-clang, r-devel-linux-x86_64-debian-gcc, r-devel-linux-x86_64-fedora-clang, r-devel-linux-x86_64-fedora-gcc, r-devel-windows-x86_64-new-UL, r-devel-windows-x86_64-new-TK, r-patched-linux-x86_64, r-release-linux-x86_64, r-release-macos-arm64, r-release-macos-x86_64, r-release-windows-ix86+x86_64