CRAN Package Check Results for Package adklakedata

Last updated on 2021-11-30 19:51:15 CET.

Flavor Version Tinstall Tcheck Ttotal Status Flags
r-devel-linux-x86_64-debian-clang 0.6.1 2.14 25.41 27.55 NOTE
r-devel-linux-x86_64-debian-gcc 0.6.1 1.73 20.19 21.92 NOTE
r-devel-linux-x86_64-fedora-clang 0.6.1 44.18 NOTE
r-devel-linux-x86_64-fedora-gcc 0.6.1 33.04 NOTE
r-devel-windows-x86_64-new-UL 0.6.1 7.00 61.00 68.00 NOTE
r-devel-windows-x86_64-new-TK 0.6.1 NOTE
r-devel-windows-x86_64-old 0.6.1 4.00 32.00 36.00 NOTE
r-patched-linux-x86_64 0.6.1 2.27 23.47 25.74 NOTE
r-patched-solaris-x86 0.6.1 50.80 NOTE
r-release-linux-x86_64 0.6.1 2.26 23.77 26.03 NOTE
r-release-macos-arm64 0.6.1 NOTE
r-release-macos-x86_64 0.6.1 NOTE
r-release-windows-ix86+x86_64 0.6.1 5.00 32.00 37.00 NOTE
r-oldrel-macos-x86_64 0.6.1 OK
r-oldrel-windows-ix86+x86_64 0.6.1 4.00 34.00 38.00 OK

Check Details

Version: 0.6.1
Check: LazyData
Result: NOTE
     'LazyData' is specified without a 'data' directory
Flavors: r-devel-linux-x86_64-debian-clang, r-devel-linux-x86_64-debian-gcc, r-devel-linux-x86_64-fedora-clang, r-devel-linux-x86_64-fedora-gcc, r-devel-windows-x86_64-new-UL, r-devel-windows-x86_64-new-TK, r-devel-windows-x86_64-old, r-patched-linux-x86_64, r-patched-solaris-x86, r-release-linux-x86_64, r-release-macos-arm64, r-release-macos-x86_64, r-release-windows-ix86+x86_64