CRAN Package Check Results for Package adjustedcranlogs

Last updated on 2024-02-23 07:52:02 CET.

Flavor Version Tinstall Tcheck Ttotal Status Flags
r-devel-linux-x86_64-debian-clang 0.1.0 NOTE
r-devel-linux-x86_64-debian-gcc 0.1.0 4.29 36.05 40.34 NOTE
r-devel-linux-x86_64-fedora-clang 0.1.0 71.68 NOTE
r-devel-linux-x86_64-fedora-gcc 0.1.0 65.49 NOTE
r-devel-windows-x86_64 0.1.0 6.00 54.00 60.00 NOTE
r-patched-linux-x86_64 0.1.0 4.81 45.09 49.90 NOTE
r-release-linux-x86_64 0.1.0 5.41 44.62 50.03 NOTE
r-release-macos-arm64 0.1.0 25.00 NOTE
r-release-macos-x86_64 0.1.0 31.00 NOTE
r-release-windows-x86_64 0.1.0 8.00 60.00 68.00 NOTE
r-oldrel-macos-arm64 0.1.0 22.00 NOTE
r-oldrel-windows-x86_64 0.1.0 9.00 66.00 75.00 NOTE

Check Details

Version: 0.1.0
Check: LazyData
Result: NOTE 'LazyData' is specified without a 'data' directory Flavors: r-devel-linux-x86_64-debian-clang, r-devel-linux-x86_64-debian-gcc, r-devel-linux-x86_64-fedora-clang, r-devel-linux-x86_64-fedora-gcc, r-devel-windows-x86_64, r-patched-linux-x86_64, r-release-linux-x86_64, r-release-macos-arm64, r-release-macos-x86_64, r-release-windows-x86_64, r-oldrel-macos-arm64, r-oldrel-windows-x86_64