CRAN Package Check Results for Package adjclust

Last updated on 2020-07-11 09:48:47 CEST.

Flavor Version Tinstall Tcheck Ttotal Status Flags
r-devel-linux-x86_64-debian-clang 0.5.99 9.85 138.20 148.05 OK
r-devel-linux-x86_64-debian-gcc 0.5.99 8.15 106.44 114.59 OK
r-devel-linux-x86_64-fedora-gcc 0.5.99 182.04 OK
r-devel-windows-ix86+x86_64 0.5.99 26.00 256.00 282.00 OK
r-patched-linux-x86_64 0.5.99 10.19 134.07 144.26 OK
r-patched-solaris-x86 0.5.99 275.00 OK
r-release-linux-x86_64 0.5.99 10.26 132.97 143.23 OK
r-release-osx-x86_64 0.5.99 NOTE
r-release-windows-ix86+x86_64 0.5.99 23.00 209.00 232.00 OK
r-oldrel-osx-x86_64 0.5.99 NOTE
r-oldrel-windows-ix86+x86_64 0.5.99 25.00 178.00 203.00 OK

Check Details

Version: 0.5.99
Check: package dependencies
Result: NOTE
    Package suggested but not available for checking: ‘HiTC’
Flavors: r-release-osx-x86_64, r-oldrel-osx-x86_64