CRAN Package Check Results for Package adhoc

Last updated on 2021-10-26 08:09:54 CEST.

Flavor Version Tinstall Tcheck Ttotal Status Flags
r-devel-linux-x86_64-debian-clang 1.1 12.34 109.20 121.54 NOTE
r-devel-linux-x86_64-debian-gcc 1.1 10.63 82.54 93.17 NOTE
r-devel-linux-x86_64-fedora-clang 1.1 154.53 NOTE
r-devel-linux-x86_64-fedora-gcc 1.1 140.75 NOTE
r-devel-windows-x86_64 1.1 19.00 132.00 151.00 OK
r-devel-windows-x86_64-gcc10-UCRT 1.1 OK
r-patched-linux-x86_64 1.1 11.16 102.31 113.47 NOTE
r-patched-solaris-x86 1.1 225.40 NOTE
r-release-linux-x86_64 1.1 10.30 101.80 112.10 NOTE
r-release-macos-arm64 1.1 OK
r-release-macos-x86_64 1.1 OK
r-release-windows-ix86+x86_64 1.1 24.00 134.00 158.00 OK
r-oldrel-macos-x86_64 1.1 OK
r-oldrel-windows-ix86+x86_64 1.1 48.00 211.00 259.00 OK

Check Details

Version: 1.1
Check: for non-standard things in the check directory
Result: NOTE
    Found the following files/directories:
     'Bestmatches.csv' 'ID.csv' 'listsp.csv' 'mylabels.csv'
Flavors: r-devel-linux-x86_64-debian-clang, r-devel-linux-x86_64-debian-gcc, r-devel-linux-x86_64-fedora-clang, r-devel-linux-x86_64-fedora-gcc, r-patched-linux-x86_64, r-patched-solaris-x86, r-release-linux-x86_64