CRAN Package Check Results for Package adepro

Last updated on 2021-12-05 19:49:15 CET.

Flavor Version Tinstall Tcheck Ttotal Status Flags
r-devel-linux-x86_64-debian-clang 3.2.0 8.46 98.42 106.88 OK
r-devel-linux-x86_64-debian-gcc 3.2.0 7.55 73.62 81.17 OK
r-devel-linux-x86_64-fedora-clang 3.2.0 128.09 NOTE
r-devel-linux-x86_64-fedora-gcc 3.2.0 115.04 NOTE
r-devel-windows-x86_64-new-UL 3.2.0 20.00 134.00 154.00 OK
r-devel-windows-x86_64-new-TK 3.2.0 NOTE
r-devel-windows-x86_64-old 3.2.0 17.00 92.00 109.00 OK
r-patched-linux-x86_64 3.2.0 8.56 83.16 91.72 OK
r-release-linux-x86_64 3.2.0 9.74 91.95 101.69 OK
r-release-macos-arm64 3.2.0 NOTE
r-release-macos-x86_64 3.2.0 NOTE
r-release-windows-ix86+x86_64 3.2.0 24.00 124.00 148.00 OK
r-oldrel-macos-x86_64 3.2.0 NOTE
r-oldrel-windows-ix86+x86_64 3.2.0 23.00 125.00 148.00 OK

Check Details

Version: 3.2.0
Check: dependencies in R code
Result: NOTE
    Namespace in Imports field not imported from: ‘jsonlite’
     All declared Imports should be used.
Flavors: r-devel-linux-x86_64-fedora-clang, r-devel-linux-x86_64-fedora-gcc, r-devel-windows-x86_64-new-TK, r-release-macos-arm64, r-release-macos-x86_64, r-oldrel-macos-x86_64