CRAN Package Check Results for Package adehabitatMA

Last updated on 2020-10-01 08:48:31 CEST.

Flavor Version Tinstall Tcheck Ttotal Status Flags
r-devel-linux-x86_64-debian-clang 0.3.14 9.80 57.71 67.51 OK
r-devel-linux-x86_64-debian-gcc 0.3.14 0.37 2.01 2.38 ERROR
r-devel-linux-x86_64-fedora-clang 0.3.14 92.55 NOTE
r-devel-linux-x86_64-fedora-gcc 0.3.14 77.12 NOTE
r-devel-windows-ix86+x86_64 0.3.14 21.00 102.00 123.00 OK
r-patched-linux-x86_64 0.3.14 7.89 54.97 62.86 OK
r-patched-solaris-x86 0.3.14 114.30 NOTE
r-release-linux-x86_64 0.3.14 8.73 54.64 63.37 OK
r-release-macos-x86_64 0.3.14 NOTE
r-release-windows-ix86+x86_64 0.3.14 18.00 98.00 116.00 OK
r-oldrel-macos-x86_64 0.3.14 NOTE
r-oldrel-windows-ix86+x86_64 0.3.14 26.00 104.00 130.00 OK

Check Details

Version: 0.3.14
Check: whether package can be installed
Result: ERROR
    Installation failed.
Flavor: r-devel-linux-x86_64-debian-gcc

Version: 0.3.14
Check: dependencies in R code
Result: NOTE
    Namespace in Imports field not imported from: ‘filehash’
     All declared Imports should be used.
Flavors: r-devel-linux-x86_64-fedora-clang, r-devel-linux-x86_64-fedora-gcc, r-patched-solaris-x86, r-release-macos-x86_64

Version: 0.3.14
Check: dependencies in R code
Result: NOTE
    No protocol specified
    No protocol specified
    No protocol specified
    No protocol specified
    Namespace in Imports field not imported from: ‘filehash’
     All declared Imports should be used.
Flavor: r-oldrel-macos-x86_64