CRAN Package Check Results for Package adehabitatMA

Last updated on 2024-02-26 07:49:53 CET.

Flavor Version Tinstall Tcheck Ttotal Status Flags
r-devel-linux-x86_64-debian-clang 0.3.16 7.25 62.08 69.33 NOTE
r-devel-linux-x86_64-debian-gcc 0.3.16 6.95 48.10 55.05 NOTE
r-devel-linux-x86_64-fedora-clang 0.3.16 93.31 NOTE
r-devel-linux-x86_64-fedora-gcc 0.3.16 108.90 NOTE
r-devel-windows-x86_64 0.3.16 10.00 87.00 97.00 OK
r-patched-linux-x86_64 0.3.16 8.07 60.34 68.41 OK
r-release-linux-x86_64 0.3.16 7.74 61.63 69.37 OK
r-release-macos-arm64 0.3.16 44.00 OK
r-release-macos-x86_64 0.3.16 68.00 OK
r-release-windows-x86_64 0.3.16 14.00 93.00 107.00 OK
r-oldrel-macos-arm64 0.3.16 39.00 OK
r-oldrel-windows-x86_64 0.3.16 13.00 102.00 115.00 OK

Check Details

Version: 0.3.16
Check: Rd files
Result: NOTE checkRd: (-1) adeoptions.Rd:21-23: Lost braces 21 | \code{epsilon}{ the smallest significant distance between two points | ^ checkRd: (-1) adeoptions.Rd:25-27: Lost braces 25 | \code{shortprint}{ logical. Defines whether special \code{show} | ^ Flavors: r-devel-linux-x86_64-debian-clang, r-devel-linux-x86_64-debian-gcc, r-devel-linux-x86_64-fedora-clang, r-devel-linux-x86_64-fedora-gcc