CRAN Package Check Results for Package adegenet

Last updated on 2021-11-27 07:49:42 CET.

Flavor Version Tinstall Tcheck Ttotal Status Flags
r-devel-linux-x86_64-debian-clang 2.1.5 OK
r-devel-linux-x86_64-debian-gcc 2.1.5 24.53 166.12 190.65 OK
r-devel-linux-x86_64-fedora-clang 2.1.5 307.25 OK
r-devel-linux-x86_64-fedora-gcc 2.1.5 303.80 OK
r-devel-windows-x86_64-new-UL 2.1.5 74.00 302.00 376.00 OK
r-devel-windows-x86_64-new-TK 2.1.5 OK
r-devel-windows-x86_64-old 2.1.5 35.00 267.00 302.00 OK
r-patched-linux-x86_64 2.1.5 36.68 209.75 246.43 OK
r-patched-solaris-x86 2.1.5 406.60 NOTE
r-release-linux-x86_64 2.1.5 OK
r-release-macos-arm64 2.1.5 NOTE
r-release-macos-x86_64 2.1.5 OK
r-release-windows-ix86+x86_64 2.1.5 62.00 355.00 417.00 OK
r-oldrel-macos-x86_64 2.1.5 OK
r-oldrel-windows-ix86+x86_64 2.1.5 64.00 378.00 442.00 OK

Check Details

Version: 2.1.5
Check: installed package size
Result: NOTE
     installed size is 5.3Mb
     sub-directories of 1Mb or more:
     R 1.3Mb
     data 1.3Mb
     files 1.9Mb
Flavors: r-patched-solaris-x86, r-release-macos-arm64