CRAN Package Check Results for Package ade4

Last updated on 2021-12-02 19:53:02 CET.

Flavor Version Tinstall Tcheck Ttotal Status Flags
r-devel-linux-x86_64-debian-clang 1.7-18 52.74 347.52 400.26 OK
r-devel-linux-x86_64-debian-gcc 1.7-18 35.63 256.10 291.73 OK
r-devel-linux-x86_64-fedora-clang 1.7-18 483.07 NOTE
r-devel-linux-x86_64-fedora-gcc 1.7-18 470.00 NOTE
r-devel-windows-x86_64-new-UL 1.7-18 147.00 541.00 688.00 NOTE
r-devel-windows-x86_64-new-TK 1.7-18 NOTE
r-devel-windows-x86_64-old 1.7-18 71.00 371.00 442.00 NOTE
r-patched-linux-x86_64 1.7-18 51.01 332.94 383.95 OK
r-patched-solaris-x86 1.7-18 586.40 NOTE
r-release-linux-x86_64 1.7-18 41.48 334.73 376.21 OK
r-release-macos-arm64 1.7-18 NOTE
r-release-macos-x86_64 1.7-18 NOTE
r-release-windows-ix86+x86_64 1.7-18 87.00 688.00 775.00 NOTE
r-oldrel-macos-x86_64 1.7-18 NOTE
r-oldrel-windows-ix86+x86_64 1.7-18 88.00 681.00 769.00 NOTE

Check Details

Version: 1.7-18
Check: installed package size
Result: NOTE
     installed size is 7.9Mb
     sub-directories of 1Mb or more:
     R 1.4Mb
     data 2.8Mb
     pictures 2.1Mb
Flavors: r-devel-linux-x86_64-fedora-clang, r-devel-windows-x86_64-new-UL, r-devel-windows-x86_64-old, r-patched-solaris-x86, r-release-macos-arm64, r-release-macos-x86_64, r-release-windows-ix86+x86_64, r-oldrel-macos-x86_64, r-oldrel-windows-ix86+x86_64

Version: 1.7-18
Check: dependencies in R code
Result: NOTE
    Namespace in Imports field not imported from: ‘sp’
     All declared Imports should be used.
Flavors: r-devel-linux-x86_64-fedora-clang, r-devel-linux-x86_64-fedora-gcc, r-devel-windows-x86_64-new-TK, r-patched-solaris-x86, r-release-macos-arm64, r-release-macos-x86_64, r-oldrel-macos-x86_64