CRAN Package Check Results for Package addreg

Last updated on 2021-12-01 19:51:28 CET.

Flavor Version Tinstall Tcheck Ttotal Status Flags
r-devel-linux-x86_64-debian-clang 3.0 20.37 150.17 170.54 NOTE
r-devel-linux-x86_64-debian-gcc 3.0 16.41 111.03 127.44 NOTE
r-devel-linux-x86_64-fedora-clang 3.0 210.42 NOTE
r-devel-linux-x86_64-fedora-gcc 3.0 195.53 NOTE
r-devel-windows-x86_64-new-UL 3.0 33.00 191.00 224.00 NOTE
r-devel-windows-x86_64-new-TK 3.0 NOTE
r-devel-windows-x86_64-old 3.0 29.00 122.00 151.00 NOTE
r-patched-linux-x86_64 3.0 17.10 139.07 156.17 NOTE
r-patched-solaris-x86 3.0 177.50 NOTE
r-release-linux-x86_64 3.0 19.59 140.47 160.06 NOTE
r-release-macos-arm64 3.0 NOTE
r-release-macos-x86_64 3.0 NOTE
r-release-windows-ix86+x86_64 3.0 40.00 122.00 162.00 NOTE
r-oldrel-macos-x86_64 3.0 OK
r-oldrel-windows-ix86+x86_64 3.0 32.00 173.00 205.00 OK

Check Details

Version: 3.0
Check: LazyData
Result: NOTE
     'LazyData' is specified without a 'data' directory
Flavors: r-devel-linux-x86_64-debian-clang, r-devel-linux-x86_64-debian-gcc, r-devel-linux-x86_64-fedora-clang, r-devel-linux-x86_64-fedora-gcc, r-devel-windows-x86_64-new-UL, r-devel-windows-x86_64-new-TK, r-devel-windows-x86_64-old, r-patched-linux-x86_64, r-patched-solaris-x86, r-release-linux-x86_64, r-release-macos-arm64, r-release-macos-x86_64, r-release-windows-ix86+x86_64