CRAN Package Check Results for Package additivityTests

Last updated on 2021-12-05 19:49:15 CET.

Flavor Version Tinstall Tcheck Ttotal Status Flags
r-devel-linux-x86_64-debian-clang 1.1-4 2.38 47.09 49.47 NOTE
r-devel-linux-x86_64-debian-gcc 1.1-4 1.81 36.15 37.96 NOTE
r-devel-linux-x86_64-fedora-clang 1.1-4 60.82 NOTE
r-devel-linux-x86_64-fedora-gcc 1.1-4 49.95 NOTE
r-devel-windows-x86_64-new-UL 1.1-4 7.00 77.00 84.00 NOTE
r-devel-windows-x86_64-new-TK 1.1-4 NOTE
r-devel-windows-x86_64-old 1.1-4 5.00 45.00 50.00 NOTE
r-patched-linux-x86_64 1.1-4 2.11 27.64 29.75 NOTE
r-release-linux-x86_64 1.1-4 1.82 35.27 37.09 NOTE
r-release-macos-arm64 1.1-4 NOTE
r-release-macos-x86_64 1.1-4 NOTE
r-release-windows-ix86+x86_64 1.1-4 6.00 48.00 54.00 NOTE
r-oldrel-macos-x86_64 1.1-4 NOTE
r-oldrel-windows-ix86+x86_64 1.1-4 7.00 51.00 58.00 NOTE

Check Details

Version: 1.1-4
Check: R code for possible problems
Result: NOTE
    critical.values: no visible global function definition for 'rnorm'
    critical.values: no visible global function definition for 'quantile'
    mandel.test: no visible global function definition for 'qf'
    mtukey.test : p.test: no visible global function definition for 'qf'
    mtukey.test: no visible binding for global variable 'quantile'
    mtukey.test: no visible global function definition for 'rnorm'
    tukey.test: no visible global function definition for 'qf'
    Undefined global functions or variables:
     qf quantile rnorm
    Consider adding
     importFrom("stats", "qf", "quantile", "rnorm")
    to your NAMESPACE file.
Flavors: r-devel-linux-x86_64-debian-clang, r-devel-linux-x86_64-debian-gcc, r-devel-linux-x86_64-fedora-clang, r-devel-linux-x86_64-fedora-gcc, r-devel-windows-x86_64-new-UL, r-devel-windows-x86_64-new-TK, r-devel-windows-x86_64-old, r-patched-linux-x86_64, r-release-linux-x86_64, r-release-macos-arm64, r-release-macos-x86_64, r-release-windows-ix86+x86_64, r-oldrel-macos-x86_64, r-oldrel-windows-ix86+x86_64