CRAN Package Check Results for Package addinsJoaoMelo

Last updated on 2021-12-05 19:49:15 CET.

Flavor Version Tinstall Tcheck Ttotal Status Flags
r-devel-linux-x86_64-debian-clang 0.1.0 1.91 29.07 30.98 NOTE
r-devel-linux-x86_64-debian-gcc 0.1.0 1.62 23.21 24.83 NOTE
r-devel-linux-x86_64-fedora-clang 0.1.0 39.81 NOTE
r-devel-linux-x86_64-fedora-gcc 0.1.0 28.15 NOTE
r-devel-windows-x86_64-new-UL 0.1.0 6.00 62.00 68.00 NOTE
r-devel-windows-x86_64-new-TK 0.1.0 NOTE
r-devel-windows-x86_64-old 0.1.0 4.00 30.00 34.00 NOTE
r-patched-linux-x86_64 0.1.0 1.76 20.04 21.80 NOTE
r-release-linux-x86_64 0.1.0 1.88 28.17 30.05 NOTE
r-release-macos-arm64 0.1.0 NOTE
r-release-macos-x86_64 0.1.0 NOTE
r-release-windows-ix86+x86_64 0.1.0 6.00 39.00 45.00 NOTE
r-oldrel-macos-x86_64 0.1.0 OK
r-oldrel-windows-ix86+x86_64 0.1.0 5.00 38.00 43.00 OK

Check Details

Version: 0.1.0
Check: LazyData
Result: NOTE
     'LazyData' is specified without a 'data' directory
Flavors: r-devel-linux-x86_64-debian-clang, r-devel-linux-x86_64-debian-gcc, r-devel-linux-x86_64-fedora-clang, r-devel-linux-x86_64-fedora-gcc, r-devel-windows-x86_64-new-UL, r-devel-windows-x86_64-new-TK, r-devel-windows-x86_64-old, r-patched-linux-x86_64, r-release-linux-x86_64, r-release-macos-arm64, r-release-macos-x86_64, r-release-windows-ix86+x86_64