CRAN Package Check Results for Package actogrammr

Last updated on 2022-01-24 07:49:40 CET.

Flavor Version Tinstall Tcheck Ttotal Status Flags
r-devel-linux-x86_64-debian-clang 0.2.3 4.09 132.94 137.03 NOTE
r-devel-linux-x86_64-debian-gcc 0.2.3 3.36 95.12 98.48 NOTE
r-devel-linux-x86_64-fedora-clang 0.2.3 158.77 NOTE
r-devel-linux-x86_64-fedora-gcc 0.2.3 149.85 NOTE
r-devel-windows-x86_64-new-UL 0.2.3 29.00 146.00 175.00 NOTE
r-devel-windows-x86_64-new-TK 0.2.3 NOTE
r-patched-linux-x86_64 0.2.3 2.30 125.46 127.76 NOTE
r-release-linux-x86_64 0.2.3 2.58 126.68 129.26 NOTE
r-release-macos-arm64 0.2.3 NOTE
r-release-macos-x86_64 0.2.3 NOTE
r-release-windows-ix86+x86_64 0.2.3 11.00 148.00 159.00 NOTE
r-oldrel-macos-x86_64 0.2.3 OK
r-oldrel-windows-ix86+x86_64 0.2.3 12.00 150.00 162.00 OK

Check Details

Version: 0.2.3
Check: LazyData
Result: NOTE
     'LazyData' is specified without a 'data' directory
Flavors: r-devel-linux-x86_64-debian-clang, r-devel-linux-x86_64-debian-gcc, r-devel-linux-x86_64-fedora-clang, r-devel-linux-x86_64-fedora-gcc, r-devel-windows-x86_64-new-UL, r-devel-windows-x86_64-new-TK, r-patched-linux-x86_64, r-release-linux-x86_64, r-release-macos-arm64, r-release-macos-x86_64, r-release-windows-ix86+x86_64

Version: 0.2.3
Check: package dependencies
Result: NOTE
    Package suggested but not available for checking: ‘testthat’
Flavor: r-release-macos-x86_64