CRAN Package Check Results for Package acss

Last updated on 2021-09-23 08:50:46 CEST.

Flavor Version Tinstall Tcheck Ttotal Status Flags
r-devel-linux-x86_64-debian-clang 0.2-5 2.24 56.12 58.36 OK
r-devel-linux-x86_64-debian-gcc 0.2-5 1.72 46.16 47.88 OK
r-devel-linux-x86_64-fedora-clang 0.2-5 78.47 OK
r-devel-linux-x86_64-fedora-gcc 0.2-5 69.95 OK
r-devel-windows-x86_64 0.2-5 3.00 61.00 64.00 OK
r-devel-windows-x86_64-gcc10-UCRT 0.2-5 ERROR
r-patched-linux-x86_64 0.2-5 2.54 54.83 57.37 OK
r-patched-solaris-x86 0.2-5 121.00 OK
r-release-linux-x86_64 0.2-5 2.15 54.33 56.48 OK
r-release-macos-arm64 0.2-5 OK
r-release-macos-x86_64 0.2-5 OK
r-release-windows-ix86+x86_64 0.2-5 5.00 82.00 87.00 OK
r-oldrel-macos-x86_64 0.2-5 OK
r-oldrel-windows-ix86+x86_64 0.2-5 4.00 65.00 69.00 OK

Check Details

Version: 0.2-5
Check: PDF version of manual
Result: WARN
    LaTeX errors when creating PDF version.
    This typically indicates Rd problems.
Flavor: r-devel-windows-x86_64-gcc10-UCRT

Version: 0.2-5
Check: PDF version of manual without hyperrefs or index
Result: ERROR
    Re-running with no redirection of stdout/stderr.
Flavor: r-devel-windows-x86_64-gcc10-UCRT