CRAN Package Check Results for Package acrt

Last updated on 2021-12-05 07:49:02 CET.

Flavor Version Tinstall Tcheck Ttotal Status Flags
r-devel-linux-x86_64-debian-clang 1.0.1 65.59 39.44 105.03 OK
r-devel-linux-x86_64-debian-gcc 1.0.1 44.72 32.17 76.89 OK
r-devel-linux-x86_64-fedora-clang 1.0.1 156.49 NOTE
r-devel-linux-x86_64-fedora-gcc 1.0.1 126.40 NOTE
r-devel-windows-x86_64-new-UL 1.0.1 80.00 100.00 180.00 OK
r-devel-windows-x86_64-new-TK 1.0.1 OK
r-devel-windows-x86_64-old 1.0.1 83.00 79.00 162.00 OK
r-patched-linux-x86_64 1.0.1 60.30 31.16 91.46 OK
r-release-linux-x86_64 1.0.1 51.39 39.50 90.89 OK
r-release-macos-arm64 1.0.1 NOTE
r-release-macos-x86_64 1.0.1 NOTE
r-release-windows-ix86+x86_64 1.0.1 159.00 80.00 239.00 OK
r-oldrel-macos-x86_64 1.0.1 NOTE
r-oldrel-windows-ix86+x86_64 1.0.1 154.00 82.00 236.00 OK

Check Details

Version: 1.0.1
Check: installed package size
Result: NOTE
     installed size is 6.4Mb
     sub-directories of 1Mb or more:
     libs 6.2Mb
Flavors: r-devel-linux-x86_64-fedora-clang, r-release-macos-arm64, r-release-macos-x86_64, r-oldrel-macos-x86_64

Version: 1.0.1
Check: compiled code
Result: NOTE
    File ‘acrt/libs/acrt.so’:
     Found no calls to: ‘R_registerRoutines’, ‘R_useDynamicSymbols’
    
    It is good practice to register native routines and to disable symbol
    search.
    
    See ‘Writing portable packages’ in the ‘Writing R Extensions’ manual.
Flavors: r-devel-linux-x86_64-fedora-clang, r-devel-linux-x86_64-fedora-gcc