CRAN Package Check Results for Package acled.api

Last updated on 2021-09-23 08:50:46 CEST.

Flavor Version Tinstall Tcheck Ttotal Status Flags
r-devel-linux-x86_64-debian-clang 1.1.4 2.26 25.12 27.38 OK
r-devel-linux-x86_64-debian-gcc 1.1.4 1.85 19.83 21.68 OK
r-devel-linux-x86_64-fedora-clang 1.1.4 43.44 OK
r-devel-linux-x86_64-fedora-gcc 1.1.4 31.89 OK
r-devel-windows-x86_64 1.1.3 3.00 29.00 32.00 OK
r-devel-windows-x86_64-gcc10-UCRT 1.1.4 ERROR
r-patched-linux-x86_64 1.1.4 2.05 24.37 26.42 OK
r-patched-solaris-x86 1.1.4 50.20 OK
r-release-linux-x86_64 1.1.4 2.10 24.54 26.64 OK
r-release-macos-arm64 1.1.3 OK
r-release-macos-x86_64 1.1.4 OK
r-release-windows-ix86+x86_64 1.1.4 15.00 45.00 60.00 OK
r-oldrel-macos-x86_64 1.1.4 OK
r-oldrel-windows-ix86+x86_64 1.1.4 5.00 35.00 40.00 OK

Check Details

Version: 1.1.4
Check: PDF version of manual
Result: WARN
    LaTeX errors when creating PDF version.
    This typically indicates Rd problems.
Flavor: r-devel-windows-x86_64-gcc10-UCRT

Version: 1.1.4
Check: PDF version of manual without hyperrefs or index
Result: ERROR
    Re-running with no redirection of stdout/stderr.
Flavor: r-devel-windows-x86_64-gcc10-UCRT