CRAN Package Check Results for Package acfMPeriod

Last updated on 2021-12-09 07:50:04 CET.

Flavor Version Tinstall Tcheck Ttotal Status Flags
r-devel-linux-x86_64-debian-clang 1.0.0 2.45 33.84 36.29 NOTE
r-devel-linux-x86_64-debian-gcc 1.0.0 1.93 26.65 28.58 NOTE
r-devel-linux-x86_64-fedora-clang 1.0.0 46.63 NOTE
r-devel-linux-x86_64-fedora-gcc 1.0.0 35.59 NOTE
r-devel-windows-x86_64-new-UL 1.0.0 7.00 60.00 67.00 NOTE
r-devel-windows-x86_64-new-TK 1.0.0 NOTE
r-devel-windows-x86_64-old 1.0.0 4.00 42.00 46.00 NOTE
r-patched-linux-x86_64 1.0.0 2.52 32.87 35.39 NOTE
r-release-linux-x86_64 1.0.0 2.14 32.81 34.95 NOTE
r-release-macos-arm64 1.0.0 NOTE
r-release-macos-x86_64 1.0.0 NOTE
r-release-windows-ix86+x86_64 1.0.0 5.00 43.00 48.00 NOTE
r-oldrel-macos-x86_64 1.0.0 OK
r-oldrel-windows-ix86+x86_64 1.0.0 6.00 41.00 47.00 OK

Check Details

Version: 1.0.0
Check: LazyData
Result: NOTE
     'LazyData' is specified without a 'data' directory
Flavors: r-devel-linux-x86_64-debian-clang, r-devel-linux-x86_64-debian-gcc, r-devel-linux-x86_64-fedora-clang, r-devel-linux-x86_64-fedora-gcc, r-devel-windows-x86_64-new-UL, r-devel-windows-x86_64-new-TK, r-devel-windows-x86_64-old, r-patched-linux-x86_64, r-release-linux-x86_64, r-release-macos-arm64, r-release-macos-x86_64, r-release-windows-ix86+x86_64