CRAN Package Check Results for Package acepack

Last updated on 2021-09-20 20:48:24 CEST.

Flavor Version Tinstall Tcheck Ttotal Status Flags
r-devel-linux-x86_64-debian-clang 1.4.1 3.85 23.03 26.88 OK
r-devel-linux-x86_64-debian-gcc 1.4.1 2.76 18.08 20.84 OK
r-devel-linux-x86_64-fedora-clang 1.4.1 43.10 NOTE
r-devel-linux-x86_64-fedora-gcc 1.4.1 32.05 NOTE
r-devel-windows-x86_64 1.4.1 6.00 29.00 35.00 OK
r-devel-windows-x86_64-gcc10-UCRT 1.4.1 ERROR
r-patched-linux-x86_64 1.4.1 3.95 22.09 26.04 OK
r-patched-solaris-x86 1.4.1 52.10 OK
r-release-linux-x86_64 1.4.1 3.99 22.21 26.20 OK
r-release-macos-arm64 1.4.1 OK
r-release-macos-x86_64 1.4.1 OK
r-release-windows-ix86+x86_64 1.4.1 13.00 47.00 60.00 OK
r-oldrel-macos-x86_64 1.4.1 OK
r-oldrel-windows-ix86+x86_64 1.4.1 12.00 35.00 47.00 OK

Check Details

Version: 1.4.1
Check: compiled code
Result: NOTE
    File ‘acepack/libs/acepack.so’:
     Found no calls to: ‘R_registerRoutines’, ‘R_useDynamicSymbols’
    
    It is good practice to register native routines and to disable symbol
    search.
    
    See ‘Writing portable packages’ in the ‘Writing R Extensions’ manual.
Flavors: r-devel-linux-x86_64-fedora-clang, r-devel-linux-x86_64-fedora-gcc

Version: 1.4.1
Check: whether package can be installed
Result: ERROR
    Installation failed.
Flavor: r-devel-windows-x86_64-gcc10-UCRT