Last updated on 2025-01-25 07:50:19 CET.
Flavor | Version | Tinstall | Tcheck | Ttotal | Status | Flags |
---|---|---|---|---|---|---|
r-devel-linux-x86_64-debian-clang | 1.10 | 28.75 | 66.93 | 95.68 | NOTE | |
r-devel-linux-x86_64-debian-gcc | 1.10 | 18.77 | 36.22 | 54.99 | NOTE | |
r-devel-linux-x86_64-fedora-clang | 1.10 | 144.39 | NOTE | |||
r-devel-linux-x86_64-fedora-gcc | 1.10 | 129.02 | NOTE | |||
r-devel-windows-x86_64 | 1.10 | 28.00 | 89.00 | 117.00 | NOTE | |
r-patched-linux-x86_64 | 1.10 | 26.23 | 48.05 | 74.28 | NOTE | |
r-release-linux-x86_64 | 1.10 | 23.54 | 48.33 | 71.87 | NOTE | |
r-release-macos-arm64 | 1.10 | 38.00 | NOTE | |||
r-release-macos-x86_64 | 1.10 | 76.00 | NOTE | |||
r-release-windows-x86_64 | 1.10 | 28.00 | 90.00 | 118.00 | NOTE | |
r-oldrel-macos-arm64 | 1.10 | 41.00 | NOTE | |||
r-oldrel-macos-x86_64 | 1.10 | 65.00 | NOTE | |||
r-oldrel-windows-x86_64 | 1.10 | 33.00 | 109.00 | 142.00 | NOTE |
Version: 1.10
Check: C++ specification
Result: NOTE
Specified C++11: please drop specification unless essential
Flavors: r-devel-linux-x86_64-debian-clang, r-devel-linux-x86_64-debian-gcc, r-devel-linux-x86_64-fedora-clang, r-devel-linux-x86_64-fedora-gcc, r-devel-windows-x86_64, r-patched-linux-x86_64, r-release-linux-x86_64, r-release-macos-arm64, r-release-macos-x86_64, r-release-windows-x86_64, r-oldrel-macos-arm64, r-oldrel-macos-x86_64, r-oldrel-windows-x86_64
Version: 1.10
Check: Rd files
Result: NOTE
checkRd: (-1) overstallwoods.Rd:184-185: Lost braces in \itemize; \value handles \item{}{} directly
checkRd: (-1) overstallwoods.Rd:186-187: Lost braces in \itemize; \value handles \item{}{} directly
checkRd: (-1) overstallwoods.Rd:188-189: Lost braces in \itemize; \value handles \item{}{} directly
checkRd: (-1) overstallwoods.Rd:190-191: Lost braces in \itemize; \value handles \item{}{} directly
Flavors: r-devel-linux-x86_64-debian-clang, r-devel-linux-x86_64-debian-gcc, r-devel-linux-x86_64-fedora-clang, r-devel-linux-x86_64-fedora-gcc, r-devel-windows-x86_64, r-patched-linux-x86_64, r-release-linux-x86_64, r-release-macos-arm64, r-release-macos-x86_64, r-release-windows-x86_64