Last updated on 2021-01-26 07:50:09 CET.
Flavor | Version | Tinstall | Tcheck | Ttotal | Status | Flags |
---|---|---|---|---|---|---|
r-devel-linux-x86_64-debian-clang | 1.3 | 8.93 | 78.38 | 87.31 | OK | |
r-devel-linux-x86_64-debian-gcc | 1.3 | 7.58 | 61.70 | 69.28 | OK | |
r-devel-linux-x86_64-fedora-clang | 1.3 | 117.27 | OK | |||
r-devel-linux-x86_64-fedora-gcc | 1.3 | 107.80 | OK | |||
r-devel-windows-ix86+x86_64 | 1.3 | 19.00 | 94.00 | 113.00 | OK | |
r-patched-linux-x86_64 | 1.3 | 9.13 | 74.77 | 83.90 | OK | |
r-patched-solaris-x86 | 1.3 | 160.90 | OK | |||
r-release-linux-x86_64 | 1.3 | 9.55 | 74.51 | 84.06 | OK | |
r-release-macos-x86_64 | 1.3 | OK | ||||
r-release-windows-ix86+x86_64 | 1.3 | 20.00 | 75.00 | 95.00 | OK | |
r-oldrel-macos-x86_64 | 1.3 | FAIL | ||||
r-oldrel-windows-ix86+x86_64 | 1.3 | 13.00 | 89.00 | 102.00 | OK |
Version: 1.3
Check: whether package can be installed
Result: FAIL
Flavor: r-oldrel-macos-x86_64