CRAN Package Check Results for Package accelmissing

Last updated on 2021-11-30 19:51:15 CET.

Flavor Version Tinstall Tcheck Ttotal Status Flags
r-devel-linux-x86_64-debian-clang 1.4 7.23 72.53 79.76 NOTE
r-devel-linux-x86_64-debian-gcc 1.4 5.35 55.80 61.15 NOTE
r-devel-linux-x86_64-fedora-clang 1.4 106.32 NOTE
r-devel-linux-x86_64-fedora-gcc 1.4 94.78 NOTE
r-devel-windows-x86_64-new-UL 1.4 15.00 114.00 129.00 OK
r-devel-windows-x86_64-new-TK 1.4 OK
r-devel-windows-x86_64-old 1.4 12.00 75.00 87.00 OK
r-patched-linux-x86_64 1.4 12.65 68.24 80.89 NOTE
r-patched-solaris-x86 1.4 144.40 NOTE
r-release-linux-x86_64 1.4 7.02 67.74 74.76 NOTE
r-release-macos-arm64 1.4 OK
r-release-macos-x86_64 1.4 OK
r-release-windows-ix86+x86_64 1.4 16.00 74.00 90.00 OK
r-oldrel-macos-x86_64 1.4 OK
r-oldrel-windows-ix86+x86_64 1.4 13.00 74.00 87.00 OK

Check Details

Version: 1.4
Check: for non-standard things in the check directory
Result: NOTE
    Found the following files/directories:
     'acceldata2.RData'
Flavors: r-devel-linux-x86_64-debian-clang, r-devel-linux-x86_64-debian-gcc, r-devel-linux-x86_64-fedora-clang, r-devel-linux-x86_64-fedora-gcc, r-patched-linux-x86_64, r-patched-solaris-x86, r-release-linux-x86_64