CRAN Package Check Results for Package accSDA

Last updated on 2021-11-30 19:51:15 CET.

Flavor Version Tinstall Tcheck Ttotal Status Flags
r-devel-linux-x86_64-debian-clang 1.0.0 4.90 38.91 43.81 NOTE
r-devel-linux-x86_64-debian-gcc 1.0.0 3.17 29.52 32.69 NOTE
r-devel-linux-x86_64-fedora-clang 1.0.0 64.26 NOTE
r-devel-linux-x86_64-fedora-gcc 1.0.0 52.76 NOTE
r-devel-windows-x86_64-new-UL 1.0.0 13.00 75.00 88.00 NOTE
r-devel-windows-x86_64-new-TK 1.0.0 NOTE
r-devel-windows-x86_64-old 1.0.0 9.00 41.00 50.00 NOTE
r-patched-linux-x86_64 1.0.0 2.97 36.69 39.66 NOTE
r-patched-solaris-x86 1.0.0 73.80 NOTE
r-release-linux-x86_64 1.0.0 4.59 37.15 41.74 NOTE
r-release-macos-arm64 1.0.0 NOTE
r-release-macos-x86_64 1.0.0 NOTE
r-release-windows-ix86+x86_64 1.0.0 10.00 43.00 53.00 NOTE
r-oldrel-macos-x86_64 1.0.0 NOTE
r-oldrel-windows-ix86+x86_64 1.0.0 7.00 43.00 50.00 OK

Check Details

Version: 1.0.0
Check: LazyData
Result: NOTE
     'LazyData' is specified without a 'data' directory
Flavors: r-devel-linux-x86_64-debian-clang, r-devel-linux-x86_64-debian-gcc, r-devel-linux-x86_64-fedora-clang, r-devel-linux-x86_64-fedora-gcc, r-devel-windows-x86_64-new-UL, r-devel-windows-x86_64-new-TK, r-devel-windows-x86_64-old, r-patched-linux-x86_64, r-patched-solaris-x86, r-release-linux-x86_64, r-release-macos-arm64, r-release-macos-x86_64, r-release-windows-ix86+x86_64

Version: 1.0.0
Check: dependencies in R code
Result: NOTE
    Namespaces in Imports field not imported from:
     ‘rARPACK’ ‘sparseLDA’
     All declared Imports should be used.
Flavors: r-devel-linux-x86_64-fedora-clang, r-devel-linux-x86_64-fedora-gcc, r-devel-windows-x86_64-new-TK, r-patched-solaris-x86, r-release-macos-arm64, r-release-macos-x86_64, r-oldrel-macos-x86_64