CRAN Package Check Results for Package abodOutlier

Last updated on 2021-12-02 08:51:01 CET.

Flavor Version Tinstall Tcheck Ttotal Status Flags
r-devel-linux-x86_64-debian-clang 0.1 1.86 21.59 23.45 NOTE
r-devel-linux-x86_64-debian-gcc 0.1 1.46 16.93 18.39 NOTE
r-devel-linux-x86_64-fedora-clang 0.1 40.60 NOTE
r-devel-linux-x86_64-fedora-gcc 0.1 29.67 NOTE
r-devel-windows-x86_64-new-UL 0.1 6.00 53.00 59.00 NOTE
r-devel-windows-x86_64-new-TK 0.1 NOTE
r-devel-windows-x86_64-old 0.1 4.00 29.00 33.00 NOTE
r-patched-linux-x86_64 0.1 1.77 20.72 22.49 NOTE
r-patched-solaris-x86 0.1 44.70 NOTE
r-release-linux-x86_64 0.1 1.67 20.74 22.41 NOTE
r-release-macos-arm64 0.1 NOTE
r-release-macos-x86_64 0.1 NOTE
r-release-windows-ix86+x86_64 0.1 4.00 38.00 42.00 NOTE
r-oldrel-macos-x86_64 0.1 OK
r-oldrel-windows-ix86+x86_64 0.1 5.00 37.00 42.00 OK

Check Details

Version: 0.1
Check: LazyData
Result: NOTE
     'LazyData' is specified without a 'data' directory
Flavors: r-devel-linux-x86_64-debian-clang, r-devel-linux-x86_64-debian-gcc, r-devel-linux-x86_64-fedora-clang, r-devel-linux-x86_64-fedora-gcc, r-devel-windows-x86_64-new-UL, r-devel-windows-x86_64-new-TK, r-devel-windows-x86_64-old, r-patched-linux-x86_64, r-patched-solaris-x86, r-release-linux-x86_64, r-release-macos-arm64, r-release-macos-x86_64, r-release-windows-ix86+x86_64