CRAN Package Check Results for Package abnormality

Last updated on 2021-11-26 19:52:42 CET.

Flavor Version Tinstall Tcheck Ttotal Status Flags
r-devel-linux-x86_64-debian-clang 0.1.0 1.75 20.81 22.56 NOTE
r-devel-linux-x86_64-debian-gcc 0.1.0 1.52 16.70 18.22 NOTE
r-devel-linux-x86_64-fedora-clang 0.1.0 39.22 NOTE
r-devel-linux-x86_64-fedora-gcc 0.1.0 28.42 NOTE
r-devel-windows-x86_64-new-UL 0.1.0 5.00 54.00 59.00 NOTE
r-devel-windows-x86_64-new-TK 0.1.0 NOTE
r-devel-windows-x86_64-old 0.1.0 3.00 38.00 41.00 NOTE
r-patched-linux-x86_64 0.1.0 1.95 20.06 22.01 NOTE
r-patched-solaris-x86 0.1.0 45.00 NOTE
r-release-linux-x86_64 0.1.0 NOTE
r-release-macos-arm64 0.1.0 NOTE
r-release-macos-x86_64 0.1.0 NOTE
r-release-windows-ix86+x86_64 0.1.0 5.00 28.00 33.00 NOTE
r-oldrel-macos-x86_64 0.1.0 OK
r-oldrel-windows-ix86+x86_64 0.1.0 3.00 41.00 44.00 OK

Check Details

Version: 0.1.0
Check: LazyData
Result: NOTE
     'LazyData' is specified without a 'data' directory
Flavors: r-devel-linux-x86_64-debian-clang, r-devel-linux-x86_64-debian-gcc, r-devel-linux-x86_64-fedora-clang, r-devel-linux-x86_64-fedora-gcc, r-devel-windows-x86_64-new-UL, r-devel-windows-x86_64-new-TK, r-devel-windows-x86_64-old, r-patched-linux-x86_64, r-patched-solaris-x86, r-release-linux-x86_64, r-release-macos-arm64, r-release-macos-x86_64, r-release-windows-ix86+x86_64