CRAN Package Check Results for Package abjutils

Last updated on 2021-12-08 19:51:21 CET.

Flavor Version Tinstall Tcheck Ttotal Status Flags
r-devel-linux-x86_64-debian-clang 0.3.1 2.43 35.68 38.11 NOTE
r-devel-linux-x86_64-debian-gcc 0.3.1 2.11 28.15 30.26 NOTE
r-devel-linux-x86_64-fedora-clang 0.3.1 48.70 NOTE
r-devel-linux-x86_64-fedora-gcc 0.3.1 37.42 NOTE
r-devel-windows-x86_64-new-UL 0.3.1 10.00 68.00 78.00 NOTE
r-devel-windows-x86_64-new-TK 0.3.1 NOTE
r-devel-windows-x86_64-old 0.3.1 5.00 44.00 49.00 NOTE
r-patched-linux-x86_64 0.3.1 2.95 33.72 36.67 NOTE
r-release-linux-x86_64 0.3.1 2.55 33.02 35.57 NOTE
r-release-macos-arm64 0.3.1 NOTE
r-release-macos-x86_64 0.3.1 NOTE
r-release-windows-ix86+x86_64 0.3.1 6.00 39.00 45.00 NOTE
r-oldrel-macos-x86_64 0.3.1 OK
r-oldrel-windows-ix86+x86_64 0.3.1 6.00 46.00 52.00 OK

Check Details

Version: 0.3.1
Check: LazyData
Result: NOTE
     'LazyData' is specified without a 'data' directory
Flavors: r-devel-linux-x86_64-debian-clang, r-devel-linux-x86_64-debian-gcc, r-devel-linux-x86_64-fedora-clang, r-devel-linux-x86_64-fedora-gcc, r-devel-windows-x86_64-new-UL, r-devel-windows-x86_64-new-TK, r-devel-windows-x86_64-old, r-patched-linux-x86_64, r-release-linux-x86_64, r-release-macos-arm64, r-release-macos-x86_64, r-release-windows-ix86+x86_64

Version: 0.3.1
Check: Rd cross-references
Result: NOTE
    Undeclared package ‘httr’ in Rd xrefs
Flavor: r-devel-linux-x86_64-fedora-clang