CRAN Package Check Results for Package abess

Last updated on 2021-09-22 08:49:55 CEST.

Flavor Version Tinstall Tcheck Ttotal Status Flags
r-devel-linux-x86_64-debian-clang 0.3.0 243.24 82.53 325.77 OK
r-devel-linux-x86_64-debian-gcc 0.3.0 167.85 70.46 238.31 OK
r-devel-linux-x86_64-fedora-clang 0.3.0 466.24 NOTE
r-devel-linux-x86_64-fedora-gcc 0.3.0 456.09 OK
r-devel-windows-x86_64 0.3.0 154.00 99.00 253.00 OK
r-devel-windows-x86_64-gcc10-UCRT 0.3.0 ERROR
r-patched-linux-x86_64 0.3.0 194.39 83.95 278.34 OK
r-patched-solaris-x86 0.3.0 359.20 OK
r-release-linux-x86_64 0.3.0 194.10 83.34 277.44 OK
r-release-macos-arm64 0.3.0 NOTE
r-release-macos-x86_64 0.3.0 NOTE
r-release-windows-ix86+x86_64 0.3.0 434.00 151.00 585.00 OK
r-oldrel-macos-x86_64 0.3.0 NOTE
r-oldrel-windows-ix86+x86_64 0.3.0 303.00 116.00 419.00 OK

Check Details

Version: 0.3.0
Check: installed package size
Result: NOTE
     installed size is 72.0Mb
     sub-directories of 1Mb or more:
     libs 71.1Mb
Flavors: r-devel-linux-x86_64-fedora-clang, r-release-macos-arm64, r-release-macos-x86_64, r-oldrel-macos-x86_64

Version: 0.3.0
Check: whether package can be installed
Result: ERROR
    Installation failed.
Flavor: r-devel-windows-x86_64-gcc10-UCRT