CRAN Package Check Results for Package aRpsDCA

Last updated on 2021-09-20 08:50:02 CEST.

Flavor Version Tinstall Tcheck Ttotal Status Flags
r-devel-linux-x86_64-debian-clang 1.1.1 3.69 36.42 40.11 OK
r-devel-linux-x86_64-debian-gcc 1.1.1 2.87 29.50 32.37 OK
r-devel-linux-x86_64-fedora-clang 1.1.1 58.05 OK
r-devel-linux-x86_64-fedora-gcc 1.1.1 46.81 OK
r-devel-windows-x86_64 1.1.1 5.00 40.00 45.00 OK
r-devel-windows-x86_64-gcc10-UCRT 1.1.1 ERROR
r-patched-linux-x86_64 1.1.1 3.24 35.22 38.46 OK
r-patched-solaris-x86 1.1.1 68.00 OK
r-release-linux-x86_64 1.1.1 3.36 35.56 38.92 OK
r-release-macos-arm64 1.1.1 OK
r-release-macos-x86_64 1.1.1 OK
r-release-windows-ix86+x86_64 1.1.1 6.00 53.00 59.00 OK
r-oldrel-macos-x86_64 1.1.1 OK
r-oldrel-windows-ix86+x86_64 1.1.1 7.00 53.00 60.00 OK

Check Details

Version: 1.1.1
Check: whether package can be installed
Result: WARN
    Found the following significant warnings:
     WARNING: installation-time patches will not be applied, could not get the patches index
Flavor: r-devel-windows-x86_64-gcc10-UCRT

Version: 1.1.1
Check: PDF version of manual
Result: WARN
    LaTeX errors when creating PDF version.
    This typically indicates Rd problems.
Flavor: r-devel-windows-x86_64-gcc10-UCRT

Version: 1.1.1
Check: PDF version of manual without hyperrefs or index
Result: ERROR
    Re-running with no redirection of stdout/stderr.
Flavor: r-devel-windows-x86_64-gcc10-UCRT