CRAN Package Check Results for Package aGE

Last updated on 2021-12-05 19:49:15 CET.

Flavor Version Tinstall Tcheck Ttotal Status Flags
r-devel-linux-x86_64-debian-clang 0.0.9 2.95 39.79 42.74 NOTE
r-devel-linux-x86_64-debian-gcc 0.0.9 2.30 31.67 33.97 NOTE
r-devel-linux-x86_64-fedora-clang 0.0.9 54.16 NOTE
r-devel-linux-x86_64-fedora-gcc 0.0.9 42.64 NOTE
r-devel-windows-x86_64-new-UL 0.0.9 7.00 68.00 75.00 NOTE
r-devel-windows-x86_64-new-TK 0.0.9 NOTE
r-devel-windows-x86_64-old 0.0.9 5.00 39.00 44.00 NOTE
r-patched-linux-x86_64 0.0.9 2.41 30.07 32.48 NOTE
r-release-linux-x86_64 0.0.9 2.51 38.34 40.85 NOTE
r-release-macos-arm64 0.0.9 NOTE
r-release-macos-x86_64 0.0.9 NOTE
r-release-windows-ix86+x86_64 0.0.9 6.00 55.00 61.00 NOTE
r-oldrel-macos-x86_64 0.0.9 OK
r-oldrel-windows-ix86+x86_64 0.0.9 7.00 48.00 55.00 NOTE

Check Details

Version: 0.0.9
Check: LazyData
Result: NOTE
     'LazyData' is specified without a 'data' directory
Flavors: r-devel-linux-x86_64-debian-clang, r-devel-linux-x86_64-debian-gcc, r-devel-linux-x86_64-fedora-clang, r-devel-linux-x86_64-fedora-gcc, r-devel-windows-x86_64-new-UL, r-devel-windows-x86_64-new-TK, r-devel-windows-x86_64-old, r-patched-linux-x86_64, r-release-linux-x86_64, r-release-macos-arm64, r-release-macos-x86_64, r-release-windows-ix86+x86_64

Version: 0.0.9
Check: package vignettes
Result: NOTE
    Package vignette with placeholder title 'Vignette Title':
     'About.Rmd'
Flavors: r-devel-linux-x86_64-debian-clang, r-devel-linux-x86_64-debian-gcc, r-devel-windows-x86_64-new-UL, r-devel-windows-x86_64-old, r-patched-linux-x86_64, r-release-linux-x86_64, r-release-windows-ix86+x86_64, r-oldrel-windows-ix86+x86_64