CRAN Package Check Results for Package ZipRadius

Last updated on 2019-12-07 08:49:49 CET.

Flavor Version Tinstall Tcheck Ttotal Status Flags
r-devel-linux-x86_64-debian-clang 1.0.1 5.46 43.11 48.57 NOTE
r-devel-linux-x86_64-debian-gcc 1.0.1 4.11 33.44 37.55 NOTE
r-devel-linux-x86_64-fedora-clang 1.0.1 56.47 NOTE
r-devel-linux-x86_64-fedora-gcc 1.0.1 54.84 NOTE
r-devel-windows-ix86+x86_64 1.0.1 14.00 91.00 105.00 NOTE
r-devel-windows-ix86+x86_64-gcc8 1.0.1 15.00 64.00 79.00 NOTE
r-patched-linux-x86_64 1.0.1 4.38 39.17 43.55 OK
r-patched-solaris-x86 1.0.1 90.50 NOTE
r-release-linux-x86_64 1.0.1 4.34 38.76 43.10 OK
r-release-windows-ix86+x86_64 1.0.1 11.00 50.00 61.00 OK
r-release-osx-x86_64 1.0.1 NOTE
r-oldrel-windows-ix86+x86_64 1.0.1 6.00 86.00 92.00 OK
r-oldrel-osx-x86_64 1.0.1 WARN

Check Details

Version: 1.0.1
Check: package vignettes
Result: NOTE
    Package vignette with placeholder title 'Vignette Title':
     'ZipRadius.Rmd'
Flavors: r-devel-linux-x86_64-debian-clang, r-devel-linux-x86_64-debian-gcc, r-devel-windows-ix86+x86_64, r-devel-windows-ix86+x86_64-gcc8

Version: 1.0.1
Check: dependencies in R code
Result: NOTE
    Namespaces in Imports field not imported from:
     ‘ggplot2’ ‘testthat’
     All declared Imports should be used.
Flavors: r-devel-linux-x86_64-fedora-clang, r-devel-linux-x86_64-fedora-gcc, r-patched-solaris-x86, r-release-osx-x86_64, r-oldrel-osx-x86_64

Version: 1.0.1
Check: whether package can be installed
Result: WARN
    Found the following significant warnings:
     Warning: package ‘dplyr’ was built under R version 3.5.1
Flavor: r-oldrel-osx-x86_64