CRAN Package Check Results for Package YatesAlgo.FactorialExp.SR

Last updated on 2021-09-21 08:50:21 CEST.

Flavor Version Tinstall Tcheck Ttotal Status Flags
r-devel-linux-x86_64-debian-clang 4.0.4 1.84 19.77 21.61 OK
r-devel-linux-x86_64-debian-gcc 4.0.4 1.39 15.83 17.22 OK
r-devel-linux-x86_64-fedora-clang 4.0.4 35.51 NOTE
r-devel-linux-x86_64-fedora-gcc 4.0.4 24.51 NOTE
r-devel-windows-x86_64 4.0.4 3.00 26.00 29.00 OK
r-devel-windows-x86_64-gcc10-UCRT 4.0.4 ERROR
r-patched-linux-x86_64 4.0.4 1.89 19.27 21.16 OK
r-patched-solaris-x86 4.0.4 40.90 NOTE
r-release-linux-x86_64 4.0.4 1.73 19.29 21.02 OK
r-release-macos-arm64 4.0.4 NOTE
r-release-macos-x86_64 4.0.4 NOTE
r-release-windows-ix86+x86_64 4.0.4 5.00 32.00 37.00 OK
r-oldrel-macos-x86_64 4.0.4 NOTE
r-oldrel-windows-ix86+x86_64 4.0.4 4.00 28.00 32.00 OK

Check Details

Version: 4.0.4
Check: dependencies in R code
Result: NOTE
    Namespace in Imports field not imported from: ‘lubridate’
     All declared Imports should be used.
Flavors: r-devel-linux-x86_64-fedora-clang, r-devel-linux-x86_64-fedora-gcc, r-devel-windows-x86_64-gcc10-UCRT, r-patched-solaris-x86, r-release-macos-arm64, r-release-macos-x86_64, r-oldrel-macos-x86_64

Version: 4.0.4
Check: whether package can be installed
Result: WARN
    Found the following significant warnings:
     WARNING: installation-time patches will not be applied, could not get the patches index
Flavor: r-devel-windows-x86_64-gcc10-UCRT

Version: 4.0.4
Check: PDF version of manual
Result: WARN
    LaTeX errors when creating PDF version.
    This typically indicates Rd problems.
Flavor: r-devel-windows-x86_64-gcc10-UCRT

Version: 4.0.4
Check: PDF version of manual without hyperrefs or index
Result: ERROR
    Re-running with no redirection of stdout/stderr.
Flavor: r-devel-windows-x86_64-gcc10-UCRT