CRAN Package Check Results for Package WoodSimulatR

Last updated on 2021-11-29 20:51:01 CET.

Flavor Version Tinstall Tcheck Ttotal Status Flags
r-devel-linux-x86_64-debian-clang 0.5.0 4.59 65.38 69.97 OK
r-devel-linux-x86_64-debian-gcc 0.5.0 3.88 48.08 51.96 OK
r-devel-linux-x86_64-fedora-clang 0.5.0 92.40 NOTE
r-devel-linux-x86_64-fedora-gcc 0.5.0 81.11 NOTE
r-devel-windows-x86_64-new-UL 0.5.0 14.00 121.00 135.00 OK
r-devel-windows-x86_64-new-TK 0.5.0 NOTE
r-devel-windows-x86_64-old 0.5.0 9.00 65.00 74.00 OK
r-patched-linux-x86_64 0.5.0 12.90 59.32 72.22 OK
r-patched-solaris-x86 0.5.0 92.60 NOTE
r-release-linux-x86_64 0.5.0 4.55 59.72 64.27 OK
r-release-macos-arm64 0.5.0 NOTE
r-release-macos-x86_64 0.5.0 NOTE
r-release-windows-ix86+x86_64 0.5.0 13.00 80.00 93.00 OK
r-oldrel-macos-x86_64 0.5.0 NOTE
r-oldrel-windows-ix86+x86_64 0.5.0 9.00 62.00 71.00 OK

Check Details

Version: 0.5.0
Check: dependencies in R code
Result: NOTE
    Namespace in Imports field not imported from: ‘scales’
     All declared Imports should be used.
Flavors: r-devel-linux-x86_64-fedora-clang, r-devel-linux-x86_64-fedora-gcc, r-devel-windows-x86_64-new-TK, r-patched-solaris-x86, r-release-macos-arm64, r-release-macos-x86_64, r-oldrel-macos-x86_64