CRAN Package Check Results for Package WindCurves

Last updated on 2021-12-03 19:50:32 CET.

Flavor Version Tinstall Tcheck Ttotal Status Flags
r-devel-linux-x86_64-debian-clang 0.1.3 2.75 29.00 31.75 NOTE
r-devel-linux-x86_64-debian-gcc 0.1.3 2.22 23.11 25.33 NOTE
r-devel-linux-x86_64-fedora-clang 0.1.3 50.65 NOTE
r-devel-linux-x86_64-fedora-gcc 0.1.3 39.13 NOTE
r-devel-windows-x86_64-new-UL 0.1.3 10.00 68.00 78.00 NOTE
r-devel-windows-x86_64-new-TK 0.1.3 NOTE
r-devel-windows-x86_64-old 0.1.3 8.00 38.00 46.00 NOTE
r-patched-linux-x86_64 0.1.3 3.05 27.42 30.47 NOTE
r-release-linux-x86_64 0.1.3 2.79 27.81 30.60 NOTE
r-release-macos-arm64 0.1.3 NOTE
r-release-macos-x86_64 0.1.3 NOTE
r-release-windows-ix86+x86_64 0.1.3 8.00 48.00 56.00 NOTE
r-oldrel-macos-x86_64 0.1.3 NOTE
r-oldrel-windows-ix86+x86_64 0.1.3 9.00 49.00 58.00 NOTE

Check Details

Version: 0.1.3
Check: package vignettes
Result: NOTE
    Package vignette with placeholder title 'Vignette Title':
     'WindCurves_Info.Rmd'
Flavors: r-devel-linux-x86_64-debian-clang, r-devel-linux-x86_64-debian-gcc, r-devel-windows-x86_64-new-UL, r-devel-windows-x86_64-old, r-patched-linux-x86_64, r-release-linux-x86_64, r-release-windows-ix86+x86_64, r-oldrel-windows-ix86+x86_64

Version: 0.1.3
Check: dependencies in R code
Result: NOTE
    Namespaces in Imports field not imported from:
     ‘drc’ ‘imputeTestbench’
     All declared Imports should be used.
Flavors: r-devel-linux-x86_64-fedora-clang, r-devel-linux-x86_64-fedora-gcc, r-devel-windows-x86_64-new-TK, r-release-macos-arm64, r-release-macos-x86_64, r-oldrel-macos-x86_64