CRAN Package Check Results for Package WebGestaltR

Last updated on 2020-01-25 08:50:18 CET.

Flavor Version Tinstall Tcheck Ttotal Status Flags
r-devel-linux-x86_64-debian-clang 0.4.3 41.84 94.38 136.22 OK
r-devel-linux-x86_64-debian-gcc 0.4.3 27.69 72.88 100.57 OK
r-devel-linux-x86_64-fedora-clang 0.4.3 176.71 WARN
r-devel-linux-x86_64-fedora-gcc 0.4.3 171.58 OK
r-devel-windows-ix86+x86_64 0.4.3 111.00 183.00 294.00 OK
r-devel-windows-ix86+x86_64-gcc8 0.4.3 106.00 188.00 294.00 OK
r-patched-linux-x86_64 0.4.3 32.72 84.29 117.01 OK
r-release-linux-x86_64 0.4.3 30.57 82.53 113.10 OK
r-release-windows-ix86+x86_64 0.4.3 98.00 206.00 304.00 OK
r-release-osx-x86_64 0.4.3 OK
r-oldrel-windows-ix86+x86_64 0.4.3 70.00 121.00 191.00 OK
r-oldrel-osx-x86_64 0.4.3 OK

Check Details

Version: 0.4.3
Check: package dependencies
Result: WARN
    Requires orphaned package: ‘doRNG’
Flavor: r-devel-linux-x86_64-fedora-clang