CRAN Package Check Results for Package WaverideR

Last updated on 2024-02-26 19:50:26 CET.

Flavor Version Tinstall Tcheck Ttotal Status Flags
r-devel-linux-x86_64-debian-clang 0.3.2 34.68 219.15 253.83 NOTE
r-devel-linux-x86_64-debian-gcc 0.3.2 25.11 160.01 185.12 NOTE
r-devel-linux-x86_64-fedora-clang 0.3.2 315.00 NOTE
r-devel-linux-x86_64-fedora-gcc 0.3.2 300.52 NOTE
r-devel-windows-x86_64 0.3.2 24.00 210.00 234.00 OK
r-patched-linux-x86_64 0.3.2 32.63 203.92 236.55 OK
r-release-linux-x86_64 0.3.2 21.16 200.53 221.69 OK
r-release-macos-arm64 0.3.2 120.00 OK
r-release-macos-x86_64 0.3.2 416.00 OK
r-release-windows-x86_64 0.3.2 34.00 209.00 243.00 OK
r-oldrel-macos-arm64 0.3.2 169.00 OK
r-oldrel-windows-x86_64 0.3.2 34.00 201.00 235.00 OK

Check Details

Version: 0.3.2
Check: Rd files
Result: NOTE checkRd: (-1) anchor_points_grey.Rd:9: Lost braces 9 | Zeeden et al., (2013) and anchored to the code{\link{astrosignal_example}} \cr | ^ checkRd: (-1) retrack_wt_MC.Rd:206: Lost braces 206 | be off in certain intervals. the link[WaverideR]{retrack_wt_MC} mitigates | ^ checkRd: (-1) retrack_wt_MC.Rd:40: Lost braces 40 | link[WaverideR]{analyze_wavelet} wavelet function | ^ checkRd: (-1) retrack_wt_MC.Rd:41: Lost braces 41 | To create a list use the link[base]{list} function} | ^ checkRd: (-1) retrack_wt_MC.Rd:44: Lost braces 44 | To create the matrix use the link[base]{cbind} function and only add the | ^ Flavors: r-devel-linux-x86_64-debian-clang, r-devel-linux-x86_64-debian-gcc, r-devel-linux-x86_64-fedora-clang, r-devel-linux-x86_64-fedora-gcc

Version: 0.3.2
Check: Rd cross-references
Result: NOTE Undeclared package ‘StratigrapheR’ in Rd xrefs Flavor: r-devel-linux-x86_64-fedora-clang