Last updated on 2023-06-05 21:59:23 CEST.
Flavor | Version | Tinstall | Tcheck | Ttotal | Status | Flags |
---|---|---|---|---|---|---|
r-devel-linux-x86_64-debian-clang | 0.1.1 | 13.07 | 126.72 | 139.79 | NOTE | |
r-devel-linux-x86_64-debian-gcc | 0.1.1 | 10.71 | 95.99 | 106.70 | NOTE | |
r-devel-linux-x86_64-fedora-clang | 0.1.1 | 175.50 | NOTE | |||
r-devel-linux-x86_64-fedora-gcc | 0.1.1 | 166.56 | NOTE | |||
r-devel-windows-x86_64 | 0.1.1 | 16.00 | 102.00 | 118.00 | NOTE | |
r-patched-linux-x86_64 | 0.1.1 | 12.84 | 117.47 | 130.31 | NOTE | |
r-release-linux-x86_64 | 0.1.1 | 9.71 | 118.33 | 128.04 | NOTE | |
r-release-macos-arm64 | 0.1.1 | 51.00 | NOTE | |||
r-release-macos-x86_64 | 0.1.1 | 84.00 | NOTE | |||
r-release-windows-x86_64 | 0.1.1 | 17.00 | 122.00 | 139.00 | NOTE | |
r-oldrel-macos-arm64 | 0.1.1 | 45.00 | NOTE | |||
r-oldrel-macos-x86_64 | 0.1.1 | 86.00 | NOTE | |||
r-oldrel-windows-x86_64 | 0.1.1 | 17.00 | 125.00 | 142.00 | NOTE |
Version: 0.1.1
Check: LazyData
Result: NOTE
'LazyData' is specified without a 'data' directory
Flavors: r-devel-linux-x86_64-debian-clang, r-devel-linux-x86_64-debian-gcc, r-devel-linux-x86_64-fedora-clang, r-devel-linux-x86_64-fedora-gcc, r-devel-windows-x86_64, r-patched-linux-x86_64, r-release-linux-x86_64, r-release-macos-arm64, r-release-macos-x86_64, r-release-windows-x86_64, r-oldrel-macos-arm64, r-oldrel-macos-x86_64, r-oldrel-windows-x86_64