CRAN Package Check Results for Package WEGE

Last updated on 2024-02-23 07:52:25 CET.

Flavor Version Tinstall Tcheck Ttotal Status Flags
r-devel-linux-x86_64-debian-clang 0.1.0 NOTE
r-devel-linux-x86_64-debian-gcc 0.1.0 26.55 224.01 250.56 NOTE
r-devel-linux-x86_64-fedora-clang 0.1.0 403.48 NOTE
r-devel-linux-x86_64-fedora-gcc 0.1.0 394.38 NOTE
r-devel-windows-x86_64 0.1.0 27.00 186.00 213.00 NOTE
r-patched-linux-x86_64 0.1.0 28.15 296.08 324.23 NOTE
r-release-linux-x86_64 0.1.0 31.31 290.70 322.01 NOTE
r-release-macos-arm64 0.1.0 90.00 NOTE
r-release-macos-x86_64 0.1.0 180.00 NOTE
r-release-windows-x86_64 0.1.0 36.00 241.00 277.00 NOTE
r-oldrel-macos-arm64 0.1.0 69.00 NOTE
r-oldrel-windows-x86_64 0.1.0 38.00 244.00 282.00 NOTE

Check Details

Version: 0.1.0
Check: LazyData
Result: NOTE 'LazyData' is specified without a 'data' directory Flavors: r-devel-linux-x86_64-debian-clang, r-devel-linux-x86_64-debian-gcc, r-devel-linux-x86_64-fedora-clang, r-devel-linux-x86_64-fedora-gcc, r-devel-windows-x86_64, r-patched-linux-x86_64, r-release-linux-x86_64, r-release-macos-arm64, r-release-macos-x86_64, r-release-windows-x86_64, r-oldrel-macos-arm64, r-oldrel-windows-x86_64