CRAN Package Check Results for Package VancouvR

Last updated on 2021-09-20 20:49:15 CEST.

Flavor Version Tinstall Tcheck Ttotal Status Flags
r-devel-linux-x86_64-debian-clang 0.1.6 6.93 64.84 71.77 OK
r-devel-linux-x86_64-debian-gcc 0.1.6 6.28 48.14 54.42 OK
r-devel-linux-x86_64-fedora-clang 0.1.6 94.83 OK
r-devel-linux-x86_64-fedora-gcc 0.1.6 83.71 OK
r-devel-windows-x86_64 0.1.6 8.00 66.00 74.00 OK
r-devel-windows-x86_64-gcc10-UCRT 0.1.6 ERROR
r-patched-linux-x86_64 0.1.6 7.03 60.80 67.83 OK
r-patched-solaris-x86 0.1.6 138.20 OK
r-release-linux-x86_64 0.1.6 6.47 60.32 66.79 OK
r-release-macos-arm64 0.1.6 OK
r-release-macos-x86_64 0.1.6 OK
r-release-windows-ix86+x86_64 0.1.6 17.00 84.00 101.00 OK
r-oldrel-macos-x86_64 0.1.6 OK
r-oldrel-windows-ix86+x86_64 0.1.6 17.00 92.00 109.00 OK

Check Details

Version: 0.1.6
Check: whether package can be installed
Result: WARN
    Found the following significant warnings:
     WARNING: installation-time patches will not be applied, could not get the patches index
Flavor: r-devel-windows-x86_64-gcc10-UCRT

Version: 0.1.6
Check: PDF version of manual
Result: WARN
    LaTeX errors when creating PDF version.
    This typically indicates Rd problems.
Flavor: r-devel-windows-x86_64-gcc10-UCRT

Version: 0.1.6
Check: PDF version of manual without hyperrefs or index
Result: ERROR
    Re-running with no redirection of stdout/stderr.
Flavor: r-devel-windows-x86_64-gcc10-UCRT