CRAN Package Check Results for Package VIRF

Last updated on 2022-07-04 21:49:57 CEST.

Flavor Version Tinstall Tcheck Ttotal Status Flags
r-devel-linux-x86_64-debian-clang 0.1.0 18.08 131.59 149.67 NOTE
r-devel-linux-x86_64-debian-gcc 0.1.0 12.48 99.21 111.69 NOTE
r-devel-linux-x86_64-fedora-clang 0.1.0 184.45 NOTE
r-devel-linux-x86_64-fedora-gcc 0.1.0 187.02 NOTE
r-devel-windows-x86_64 0.1.0 19.00 147.00 166.00 NOTE
r-patched-linux-x86_64 0.1.0 10.16 124.77 134.93 NOTE
r-release-linux-x86_64 0.1.0 15.92 124.35 140.27 NOTE
r-release-macos-arm64 0.1.0 52.00 NOTE
r-release-macos-x86_64 0.1.0 90.00 NOTE
r-release-windows-x86_64 0.1.0 23.00 152.00 175.00 NOTE
r-oldrel-macos-arm64 0.1.0 64.00 NOTE
r-oldrel-macos-x86_64 0.1.0 113.00 NOTE
r-oldrel-windows-ix86+x86_64 0.1.0 38.00 145.00 183.00 NOTE

Check Details

Version: 0.1.0
Check: LazyData
Result: NOTE
     'LazyData' is specified without a 'data' directory
Flavors: r-devel-linux-x86_64-debian-clang, r-devel-linux-x86_64-debian-gcc, r-devel-linux-x86_64-fedora-clang, r-devel-linux-x86_64-fedora-gcc, r-devel-windows-x86_64, r-patched-linux-x86_64, r-release-linux-x86_64, r-release-macos-arm64, r-release-macos-x86_64, r-release-windows-x86_64, r-oldrel-macos-arm64, r-oldrel-macos-x86_64, r-oldrel-windows-ix86+x86_64