CRAN Package Check Results for Package VGAMextra

Last updated on 2021-09-22 08:50:37 CEST.

Flavor Version Tinstall Tcheck Ttotal Status Flags
r-devel-linux-x86_64-debian-clang 0.0-5 14.86 117.99 132.85 OK
r-devel-linux-x86_64-debian-gcc 0.0-5 12.50 86.09 98.59 OK
r-devel-linux-x86_64-fedora-clang 0.0-5 163.81 OK
r-devel-linux-x86_64-fedora-gcc 0.0-5 155.10 OK
r-devel-windows-x86_64 0.0-5 19.00 100.00 119.00 OK
r-devel-windows-x86_64-gcc10-UCRT 0.0-5 ERROR
r-patched-linux-x86_64 0.0-5 18.21 112.10 130.31 OK
r-patched-solaris-x86 0.0-5 190.80 OK
r-release-linux-x86_64 0.0-5 13.30 112.82 126.12 OK
r-release-macos-arm64 0.0-5 OK
r-release-macos-x86_64 0.0-5 OK
r-release-windows-ix86+x86_64 0.0-5 26.00 136.00 162.00 OK
r-oldrel-macos-x86_64 0.0-5 OK
r-oldrel-windows-ix86+x86_64 0.0-5 19.00 109.00 128.00 OK

Check Details

Version: 0.0-5
Check: PDF version of manual
Result: WARN
    LaTeX errors when creating PDF version.
    This typically indicates Rd problems.
Flavor: r-devel-windows-x86_64-gcc10-UCRT

Version: 0.0-5
Check: PDF version of manual without hyperrefs or index
Result: ERROR
    Re-running with no redirection of stdout/stderr.
Flavor: r-devel-windows-x86_64-gcc10-UCRT