CRAN Package Check Results for Package VDAP

Last updated on 2021-12-06 19:50:56 CET.

Flavor Version Tinstall Tcheck Ttotal Status Flags
r-devel-linux-x86_64-debian-clang 2.0.0 10.68 103.29 113.97 NOTE
r-devel-linux-x86_64-debian-gcc 2.0.0 8.58 77.35 85.93 NOTE
r-devel-linux-x86_64-fedora-clang 2.0.0 138.05 NOTE
r-devel-linux-x86_64-fedora-gcc 2.0.0 124.44 NOTE
r-devel-windows-x86_64-new-UL 2.0.0 22.00 134.00 156.00 NOTE
r-devel-windows-x86_64-new-TK 2.0.0 NOTE
r-devel-windows-x86_64-old 2.0.0 20.00 94.00 114.00 NOTE
r-patched-linux-x86_64 2.0.0 10.45 87.20 97.65 NOTE
r-release-linux-x86_64 2.0.0 10.69 94.99 105.68 NOTE
r-release-macos-arm64 2.0.0 NOTE
r-release-macos-x86_64 2.0.0 NOTE
r-release-windows-ix86+x86_64 2.0.0 24.00 115.00 139.00 NOTE
r-oldrel-macos-x86_64 2.0.0 OK
r-oldrel-windows-ix86+x86_64 2.0.0 28.00 121.00 149.00 OK

Check Details

Version: 2.0.0
Check: LazyData
Result: NOTE
     'LazyData' is specified without a 'data' directory
Flavors: r-devel-linux-x86_64-debian-clang, r-devel-linux-x86_64-debian-gcc, r-devel-linux-x86_64-fedora-clang, r-devel-linux-x86_64-fedora-gcc, r-devel-windows-x86_64-new-UL, r-devel-windows-x86_64-new-TK, r-devel-windows-x86_64-old, r-patched-linux-x86_64, r-release-linux-x86_64, r-release-macos-arm64, r-release-macos-x86_64, r-release-windows-ix86+x86_64