CRAN Package Check Results for Package VARtests

Last updated on 2022-01-25 07:50:24 CET.

Flavor Version Tinstall Tcheck Ttotal Status Flags
r-devel-linux-x86_64-debian-clang 2.0.5 97.60 53.27 150.87 OK
r-devel-linux-x86_64-debian-gcc 2.0.5 79.77 45.73 125.50 OK
r-devel-linux-x86_64-fedora-clang 2.0.5 234.03 NOTE
r-devel-linux-x86_64-fedora-gcc 2.0.5 211.56 OK
r-devel-windows-x86_64-new-UL 2.0.5 101.00 94.00 195.00 OK
r-devel-windows-x86_64-new-TK 2.0.5 OK
r-patched-linux-x86_64 2.0.5 90.61 51.78 142.39 OK
r-release-linux-x86_64 2.0.5 91.61 51.70 143.31 OK
r-release-macos-arm64 2.0.5 NOTE
r-release-macos-x86_64 2.0.5 NOTE
r-release-windows-ix86+x86_64 2.0.5 252.00 96.00 348.00 OK
r-oldrel-macos-x86_64 2.0.5 NOTE
r-oldrel-windows-ix86+x86_64 2.0.5 252.00 95.00 347.00 OK

Check Details

Version: 2.0.5
Check: installed package size
Result: NOTE
     installed size is 5.6Mb
     sub-directories of 1Mb or more:
     libs 5.4Mb
Flavors: r-devel-linux-x86_64-fedora-clang, r-release-macos-arm64, r-release-macos-x86_64, r-oldrel-macos-x86_64

Version: 2.0.5
Check: Rd cross-references
Result: NOTE
    Undeclared package ‘vars’ in Rd xrefs
Flavor: r-devel-linux-x86_64-fedora-clang