CRAN Package Check Results for Package VALERIE

Last updated on 2021-12-01 19:51:53 CET.

Flavor Version Tinstall Tcheck Ttotal Status Flags
r-devel-linux-x86_64-debian-clang 1.1.0 41.08 352.07 393.15 OK
r-devel-linux-x86_64-debian-gcc 1.1.0 34.75 261.89 296.64 OK
r-devel-linux-x86_64-fedora-clang 1.1.0 498.02 NOTE
r-devel-linux-x86_64-fedora-gcc 1.1.0 481.18 OK
r-devel-windows-x86_64-new-UL 1.1.0 72.00 407.00 479.00 NOTE
r-devel-windows-x86_64-new-TK 1.1.0 OK
r-devel-windows-x86_64-old 1.1.0 58.00 286.00 344.00 NOTE
r-patched-linux-x86_64 1.1.0 37.12 331.36 368.48 OK
r-patched-solaris-x86 1.1.0 600.10 NOTE
r-release-linux-x86_64 1.1.0 35.87 329.41 365.28 OK
r-release-macos-arm64 1.1.0 NOTE
r-release-macos-x86_64 1.1.0 NOTE
r-release-windows-ix86+x86_64 1.1.0 87.00 369.00 456.00 NOTE
r-oldrel-macos-x86_64 1.1.0 NOTE
r-oldrel-windows-ix86+x86_64 1.1.0 60.00 292.00 352.00 NOTE

Check Details

Version: 1.1.0
Check: installed package size
Result: NOTE
     installed size is 9.5Mb
     sub-directories of 1Mb or more:
     extdata 8.7Mb
Flavors: r-devel-linux-x86_64-fedora-clang, r-devel-windows-x86_64-new-UL, r-devel-windows-x86_64-old, r-patched-solaris-x86, r-release-macos-arm64, r-release-macos-x86_64, r-release-windows-ix86+x86_64, r-oldrel-macos-x86_64, r-oldrel-windows-ix86+x86_64