CRAN Package Check Results for Package VAJointSurv

Last updated on 2024-02-27 19:54:55 CET.

Flavor Version Tinstall Tcheck Ttotal Status Flags
r-devel-linux-x86_64-debian-clang 0.1.0 339.43 140.36 479.79 OK
r-devel-linux-x86_64-debian-gcc 0.1.0 309.57 154.34 463.91 OK
r-devel-linux-x86_64-fedora-clang 0.1.0 716.90 OK
r-devel-linux-x86_64-fedora-gcc 0.1.0 854.37 OK
r-devel-windows-x86_64 0.1.0 268.00 247.00 515.00 OK
r-patched-linux-x86_64 0.1.0 297.97 171.12 469.09 OK
r-release-linux-x86_64 0.1.0 280.28 180.04 460.32 OK
r-release-macos-arm64 0.1.0 180.00 NOTE
r-release-macos-x86_64 0.1.0 283.00 NOTE
r-release-windows-x86_64 0.1.0 354.00 196.00 550.00 OK
r-oldrel-macos-arm64 0.1.0 109.00 NOTE
r-oldrel-windows-x86_64 0.1.0 339.00 320.00 659.00 OK

Check Details

Version: 0.1.0
Check: installed package size
Result: NOTE installed size is 26.2Mb sub-directories of 1Mb or more: doc 2.2Mb libs 23.8Mb Flavors: r-release-macos-arm64, r-release-macos-x86_64, r-oldrel-macos-arm64