CRAN Package Check Results for Package UpSetR

Last updated on 2023-09-21 20:55:00 CEST.

Flavor Version Tinstall Tcheck Ttotal Status Flags
r-devel-linux-x86_64-debian-clang 1.4.0 8.82 73.19 82.01 NOTE
r-devel-linux-x86_64-debian-gcc 1.4.0 6.55 53.98 60.53 NOTE
r-devel-linux-x86_64-fedora-clang 1.4.0 102.59 NOTE
r-devel-linux-x86_64-fedora-gcc 1.4.0 220.79 NOTE
r-devel-windows-x86_64 1.4.0 9.00 72.00 81.00 NOTE
r-patched-linux-x86_64 1.4.0 7.02 70.02 77.04 NOTE
r-release-linux-x86_64 1.4.0 10.07 69.15 79.22 NOTE
r-release-macos-arm64 1.4.0 66.00 NOTE
r-release-macos-x86_64 1.4.0 101.00 NOTE
r-release-windows-x86_64 1.4.0 13.00 78.00 91.00 NOTE
r-oldrel-macos-arm64 1.4.0 58.00 NOTE
r-oldrel-macos-x86_64 1.4.0 107.00 NOTE
r-oldrel-windows-x86_64 1.4.0 13.00 82.00 95.00 NOTE

Check Details

Version: 1.4.0
Check: LazyData
Result: NOTE
     'LazyData' is specified without a 'data' directory
Flavors: r-devel-linux-x86_64-debian-clang, r-devel-linux-x86_64-debian-gcc, r-devel-linux-x86_64-fedora-clang, r-devel-linux-x86_64-fedora-gcc, r-devel-windows-x86_64, r-patched-linux-x86_64, r-release-linux-x86_64, r-release-macos-arm64, r-release-macos-x86_64, r-release-windows-x86_64, r-oldrel-macos-arm64, r-oldrel-macos-x86_64, r-oldrel-windows-x86_64

Version: 1.4.0
Check: installed package size
Result: NOTE
     installed size is 8.1Mb
     sub-directories of 1Mb or more:
     doc 7.6Mb
Flavors: r-devel-linux-x86_64-fedora-clang, r-devel-windows-x86_64, r-release-macos-arm64, r-release-macos-x86_64, r-release-windows-x86_64, r-oldrel-macos-arm64, r-oldrel-macos-x86_64, r-oldrel-windows-x86_64