CRAN Package Check Results for Package UnitStat

Last updated on 2021-09-22 08:50:36 CEST.

Flavor Version Tinstall Tcheck Ttotal Status Flags
r-devel-linux-x86_64-debian-clang 1.1.0 3.59 30.94 34.53 OK
r-devel-linux-x86_64-debian-gcc 1.1.0 2.81 24.41 27.22 OK
r-devel-linux-x86_64-fedora-clang 1.1.0 51.40 OK
r-devel-linux-x86_64-fedora-gcc 1.1.0 40.34 OK
r-devel-windows-x86_64 1.1.0 5.00 37.00 42.00 OK
r-devel-windows-x86_64-gcc10-UCRT 1.1.0 ERROR
r-patched-linux-x86_64 1.1.0 3.16 30.16 33.32 OK
r-patched-solaris-x86 1.1.0 59.80 OK
r-release-linux-x86_64 1.1.0 3.08 29.77 32.85 OK
r-release-macos-arm64 1.1.0 OK
r-release-macos-x86_64 1.1.0 OK
r-release-windows-ix86+x86_64 1.1.0 7.00 46.00 53.00 OK
r-oldrel-macos-x86_64 1.1.0 OK
r-oldrel-windows-ix86+x86_64 1.1.0 6.00 36.00 42.00 OK

Check Details

Version: 1.1.0
Check: PDF version of manual
Result: WARN
    LaTeX errors when creating PDF version.
    This typically indicates Rd problems.
Flavor: r-devel-windows-x86_64-gcc10-UCRT

Version: 1.1.0
Check: PDF version of manual without hyperrefs or index
Result: ERROR
    Re-running with no redirection of stdout/stderr.
Flavor: r-devel-windows-x86_64-gcc10-UCRT